3*u. Give v(u).
-6
Let k(v) = -v**2 + 2*v - 2. Suppose -37*x = -3*x - 170. What is k(x)?
-17
Suppose -5*f + f + 16 = 0. Suppose f*q + m = 3*m - 38, -3*q - 33 = -3*m. Let w(p) = p**2 + 7*p - 8. Determine w(q).
0
Let b = 761 + -757. Let z(u) = u**3 - 4*u**2 + 5*u + 2. Determine z(b).
22
Suppose 20*j = -270 + 250. Let z(y) = -y**3 - 2*y**2 - 4*y - 2. Calculate z(j).
1
Let l(o) = -2 + o**2 + 40*o - 47*o - 4. Suppose 19 = 2*x + 3. Calculate l(x).
2
Let t(h) = -h - 9. Let r(n) = -n - 7. Let i(w) = -4*r(w) + 3*t(w). Give i(-8).
-7
Let b be (-8)/(-44) - (-140)/77. Let t(h) be the second derivative of 0 + 3*h**b - 3*h - 1/2*h**3. Determine t(5).
-9
Let w be (24/36)/((-4)/66). Let r = -3 - w. Let f(b) = b**3 - 7*b**2 - 9*b + 8. What is f(r)?
0
Let m = 11 - 9. Let j(q) be the second derivative of -q**5/60 + q**4/24 - q**3/6 + 3*q**2/2 + 6*q. Let n(a) be the first derivative of j(a). What is n(m)?
-3
Let m(d) = -6*d - 1. Let y = 344 - 340. Calculate m(y).
-25
Let x(p) = -p. Let s = 45 + 4. Suppose 6*m - 3*m - 5*l - 11 = 0, 2*m + 5*l = s. Let k = -7 + m. Calculate x(k).
-5
Let l(x) = 8*x**2 + 11*x + 3. Let g(k) = -22*k**2 - 34*k - 8. Let q(h) = -3*g(h) - 8*l(h). Calculate q(-7).
0
Let s(n) = -n**2 - 9*n - 13. Suppose 0 = 22*o + 7*o + 290. What is s(o)?
-23
Suppose -2*f + 5*f = -42. Let n be f/12 + 10/60. Let x(q) = -20*q**2 + q. Calculate x(n).
-21
Let a(f) = 19*f + 1. Let p(o) = -2*o**3 + 16*o**2 + 2*o - 15. Let s be p(8). What is a(s)?
20
Let b be (3 + (-4 - -1))/1. Let f be (-1*(1 + b))/((-14)/(-98)). Let j(y) = y**3 + 8*y**2 + 8*y + 10. Calculate j(f).
3
Let l(s) = 3*s**3 - s**2 - 3*s + 3. Let i be (-4)/(-14) + 144/84. What is l(i)?
17
Let c(f) = -f**3 + 5*f**2 + 4*f - 1. Let h(a) = a**2 - 9*a + 7. Let q be h(9). Let b = q + -4. Suppose -3*d - 21 = -b*s - 0*d, -5*s + 3*d + 33 = 0. Give c(s).
-13
Let m(l) = 1779*l**2 - 3563*l**2 - 4*l - 8*l + 1783*l**2 - 7. Let d(b) = -11*b**3 - b**2 + 2*b - 1. Let u be d(1). Determine m(u).
4
Let r(q) be the third derivative of q**6/120 - q**5/6 - q**4/12 + 5*q**3/6 - 19*q**2. What is r(10)?
-15
Suppose 17 + 7 = 4*g. Suppose -2*t - 64 = -g*y + 3*y, -4*t = 3*y - 34. Let n(f) = f + 11*f**2 - y*f**2 + f**3 + 7 + 4*f. What is n(6)?
1
Let o(k) = 14*k**2 - 1 - 14*k + 12 + 388*k**3 - 1 - 389*k**3. What is o(13)?
-3
Let j(u) = u**3 - 5*u**2 + 4*u + 1. Let q(f) = -f**3 - 12*f**2 - 11*f + 2. Let d be q(-11). Let o(c) = d - 3*c - 1 + 4*c. Let x be o(2). Give j(x).
-5
Suppose 0 = -h + 5, -h - 2*h = -2*g + 31. Let q = g - 27. Let u(b) = -b**2 - 4*b + 3. Give u(q).
3
Let v be (1 + 29/3)*(-585)/(-39). Let u(n) = v*n - 81*n - 82*n + 5. Determine u(4).
-7
Let s(p) = 8*p + 39. Let a be (((-480)/(-45))/16)/((-2)/12). Calculate s(a).
7
Let w(z) = z + 4. Let r(n) = -n - 1. Let x(l) = 2*r(l) + w(l). Let p = 19 + -13. Give x(p).
-4
Suppose -f - 7 = -4*u, 0 = -9*f + 4*f + 2*u - 17. Let a(y) = y**2 + 5*y + 12. What is a(f)?
6
Let s = -23435 - -23439. Let a(b) = -b**3 - 5*b**2 + 5*b - 2*b + 2*b**3. Calculate a(s).
-4
Let f(u) = -u**3 + 13*u**2 + 14*u + 2. Suppose -40 = 8*c - 152. Determine f(c).
2
Suppose -i + 14 = -2*f - 0, -3*i = -3*f - 33. Let o(k) = k**2 - 8*k - 3. Give o(i).
-3
Let u(h) = 6*h - 3 - 27*h + 13*h + 9*h. Calculate u(3).
0
Let y(a) = -6*a. Suppose 17*j = 14*j. Suppose j*v - 3*v = -15. Suppose -2*q - 3 = -v*q. Determine y(q).
-6
Let s(i) = 24*i + 1. Let f(r) = -61*r - 3. Let c(l) = -2*f(l) - 5*s(l). Let x be 28/20 + 2/(-5). Calculate c(x).
3
Let h be ((-3)/(-45))/((-3)/(-15))*(-7 - 11). Let u(o) = 3*o**2 + o. Let q(l) = 2*l**2 + 1. Let b(i) = -4*q(i) + 3*u(i). Give b(h).
14
Let h(x) = 10*x**2 + 4*x - 3. Let v(u) = -19*u**2 - 7*u + 5. Suppose 0 = -4*b + 14 + 14. Let y(p) = b*h(p) + 4*v(p). Give y(-1).
-7
Suppose 4*l + 85 = 9*l. Suppose -3*x = l - 2. Let z(m) = -2*m. What is z(x)?
10
Suppose -3*w = -6*w - 3*s, 0 = -5*w - 3*s + 4. Let p(f) = 0 + f + f**2 - 3 + w. Let b(q) = 3*q**2 + 6*q - 8. Let o(t) = b(t) - 2*p(t). What is o(-6)?
6
Let b(a) = -a**2 + 9*a - 4. Let u(k) = -k**2 + 4 - 7 - 29*k - 12 - 6. Let x be u(-28). Determine b(x).
10
Let s(n) = 2*n**3 + 3*n**2 - 3*n + 4. Suppose -3*v + 6 = 0, 4*v - 4 = 3*j + 13. Give s(j).
-14
Let v(k) be the second derivative of -k**4/12 + 5*k**3/2 - 2*k**2 + 90*k + 1. What is v(12)?
32
Let p(l) = l**2 + 6*l - 1. Let r(x) = -x + 12. Suppose 0*y - 3*z = y - 2, 0 = -3*y - z + 46. Let o be r(y). Give p(o).
-6
Suppose 18 = -4*t + t. Let h(l) = 4*l + 18. Give h(t).
-6
Let k(l) be the third derivative of -l**6/40 - 4*l**5/15 + 11*l**4/24 - l**3/6 + 20*l**2 + 4. Calculate k(-6).
5
Let g(r) be the third derivative of 5*r**4/6 + 2*r**2. Let p(u) be the second derivative of 5*u**3/3 - 2*u - 31. Let h(z) = -6*g(z) + 13*p(z). What is h(1)?
10
Let g(h) = -h**3 - 5*h**2 - 2. Let u(v) = v**3 + 5*v**2 + 4*v + 9. Let w be u(-5). Let i = w + 8. What is g(i)?
-20
Let l(s) = 3*s**2 - 56*s - 75. Let w be l(20). Let j(v) be the second derivative of -1/6*v**4 - w*v + 0 - v**3 - 3/2*v**2. Determine j(-4).
-11
Suppose -15*c + 24*c = -72. Let r(h) = h + 2. Determine r(c).
-6
Let h(t) = 2*t**2 + 16*t + 5. Let p = 443 - 450. Give h(p).
-9
Let v(n) = n - 2*n + 4*n. Let k be (-2)/5 - (-2)/5. Suppose d + 8 - 4 = k. Determine v(d).
-12
Let y(j) = -5*j**3 - j - 1. Let q = -1052 + 1050. What is y(q)?
41
Let i(k) be the first derivative of -k**6/360 + k**5/24 + k**4/12 + 4*k**3 + 8. Let t(c) be the third derivative of i(c). Calculate t(4).
6
Let w(t) be the first derivative of t**3/3 - t**2/2 + t - 19. Let u(k) = 4*k**2 - 9*k + 9. Let p(v) = -u(v) + 6*w(v). What is p(-3)?
6
Suppose 164 - 52 = 4*g. Suppose g*h - 25*h = 3. Let t(r) = -5*r + 1. Give t(h).
-4
Let u(y) = -5*y + 2. Let n(l) = -6*l + 123. Let b be n(20). Give u(b).
-13
Suppose 5*g = -3*j - 9, -g - 15 = 5*j - 0. Suppose 0 = s - 5*f - g*f + 14, -5*s - 2*f = -11. Let a(l) = -9*l**2 - 2*l + 1. Give a(s).
-10
Let p = 33 + -28. Let g(k) be the second derivative of -3*k**2 - 5*k + k**3 + 0 - 1/12*k**4. Calculate g(p).
-1
Let y(d) be the second derivative of -5*d**3/6 + 5*d**2/2 - 5*d. Let m be 2 - (-21)/(-9 - -16). Give y(m).
-20
Let t(l) = -l**2 - 2*l + 5. Let k be (-6)/8*(-3104)/(-582). Calculate t(k).
-3
Suppose 0 = -i + 2 - 17. Let h be (16/(-10))/(6/i). Let y(o) = -13*o**2 + 3*o - 3. Let n(b) = 2*b**2 + 1. Let z(v) = -6*n(v) - y(v). Give z(h).
1
Let q(u) = -13*u**2 - u + 1. Suppose 9*s = 2*d + 13*s - 14, -1 = 5*d - 2*s. Determine q(d).
-13
Let p(z) = z**3 - 5*z + 2. Let w be p(-2). Suppose w*t - 18 + 6 = 0. Let a(m) be the second derivative of m**5/20 - m**4/4 - m**3/2 - m**2/2 - m. Give a(t).
-10
Let a(q) = -18 + 5*q**2 - 4*q**2 + 16. Suppose -3*j - 1 = 5. Determine a(j).
2
Let l(t) = -4 + 647*t - 642*t + 0. What is l(1)?
1
Let d(r) = 3*r - 9. Let m be d(3). Let q(a) be the third derivative of -1/6*a**3 + 1/24*a**4 + m*a - 2*a**2 + 0. Give q(-5).
-6
Let z(c) = 7*c + 17. Let a(n) = -n - 5. Let w(t) = 6*a(t) + z(t). Let g be (-69)/(-12) + (-2)/(-8). Determine w(g).
-7
Let p(z) = -2*z**3 + 4*z**2 + 8*z - 23. Let g(u) = -3*u**3 + 9*u**2 + 15*u - 45. Let n(x) = -3*g(x) + 5*p(x). Let y be n(-5). Let a(s) = -s. Calculate a(y).
5
Let j = 628 - 634. Let b(q) = q**2 + 5*q - 10. Calculate b(j).
-4
Let k(t) be the third derivative of -t**4/3 + 43*t**3/6 - 9*t**2. What is k(5)?
3
Let c(h) = h**2 - 19*h - 41. Suppose -14*j + 63 = -231. Calculate c(j).
1
Let q(m) be the third derivative of -m**4/24 - m**3/6 - 12*m**2. Give q(-8).
7
Let f(b) = 3*b**2 + 13*b + 3. Let z(d) = d**2 + 2*d - 1. Let x(i) = f(i) - 4*z(i). Determine x(6).
1
Suppose 0 = -2*b, -f - 5*b + 0 = -1. Let j(s) be the second derivative of -s**3/2 - s**2/2 - 675*s. Determine j(f).
-4
Let v(b) = -3*b**2 - 12*b - 14. Let f be v(-8). Let h = -107 - f. Let n(a) = 0 + 5*a - 1 - 2. Give n(h).
12
Let y(v) be the second derivative of v**5/20 + 3*v**4/2 + 9*v**2/2 - 2*v + 17. Calculate y(-18).
9
Let t(g) be the third derivative of g**5/60 + g**4/12 - 4*g**3/3 - 14*g**2. Let l(q) be the first derivative of t(q). Calculate l(-6).
-10
Let t(d) be the second derivative of -d**6/120 + 2*d**5/15 - d**4/3 + 4*d**3/3 - 9*d**2 + 14*d. Let h(q) be the first derivative of t(q). Calculate h(7).
1
Let p(m) = -6*m. Let s(y) = 27*y + 105. Let n be s(-4). Determine p(n).
18
Let o(j) = -4*j + 1. Let m(u) = 12*u - 2. Let q(n) = 3*m(n) + 10*o